{"id":517,"date":"2025-07-07T18:49:42","date_gmt":"2025-07-07T16:49:42","guid":{"rendered":"https:\/\/poulesoieclubdefrance.fr\/?page_id=517"},"modified":"2025-10-24T21:34:38","modified_gmt":"2025-10-24T19:34:38","slug":"les-varietes","status":"publish","type":"page","link":"https:\/\/poulesoieclubdefrance.fr\/index.php\/les-varietes\/","title":{"rendered":"Les vari\u00e9t\u00e9s"},"content":{"rendered":"\n<div class=\"wp-block-columns is-layout-flex wp-container-core-columns-is-layout-9d6595d7 wp-block-columns-is-layout-flex\">\n<div class=\"wp-block-column is-layout-flow wp-block-column-is-layout-flow\">\n<h1 class=\"wp-block-heading has-nv-dark-bg-color has-text-color has-link-color wp-elements-6609191198e80ba39f6cda6a661f49ef\">Les vari\u00e9t\u00e9s de Poule Soie<\/h1>\n\n\n\n<div class=\"wp-block-columns is-layout-flex wp-container-core-columns-is-layout-9d6595d7 wp-block-columns-is-layout-flex\" style=\"border-radius:10px\">\n<div class=\"wp-block-column is-layout-flow wp-block-column-is-layout-flow\">\n<h2 class=\"wp-block-heading has-nv-c-2-color has-text-color has-link-color wp-elements-c361de449db135b8f151574d80ec5fa5\">Poule Soie Grande race (GR) et Poule Soie naine<\/h2>\n\n\n\n<div class=\"wp-block-columns is-layout-flex wp-container-core-columns-is-layout-9d6595d7 wp-block-columns-is-layout-flex\">\n<div class=\"wp-block-column is-layout-flow wp-block-column-is-layout-flow\"><div class=\"wp-block-image img-shadow\">\n<figure class=\"aligncenter size-full has-custom-border\"><img loading=\"lazy\" decoding=\"async\" width=\"551\" height=\"369\" src=\"https:\/\/poulesoieclubdefrance.fr\/wp-content\/uploads\/2025\/08\/gr-naine2.png\" alt=\"\" class=\"wp-image-1064\" style=\"border-radius:10px\" srcset=\"https:\/\/poulesoieclubdefrance.fr\/wp-content\/uploads\/2025\/08\/gr-naine2.png 551w, https:\/\/poulesoieclubdefrance.fr\/wp-content\/uploads\/2025\/08\/gr-naine2-300x201.png 300w\" sizes=\"auto, (max-width: 551px) 100vw, 551px\" \/><figcaption class=\"wp-element-caption\">Coq Poule Soie Grande race et coq Poule Soie Nain<\/figcaption><\/figure>\n<\/div><\/div>\n\n\n\n<div class=\"wp-block-column is-layout-flow wp-block-column-is-layout-flow\"><div class=\"wp-block-image img-shadow\">\n<figure class=\"aligncenter size-full has-custom-border\"><img loading=\"lazy\" decoding=\"async\" width=\"551\" height=\"369\" src=\"https:\/\/poulesoieclubdefrance.fr\/wp-content\/uploads\/2025\/08\/gr-naine-22.png\" alt=\"\" class=\"wp-image-1065\" style=\"border-radius:10px\" srcset=\"https:\/\/poulesoieclubdefrance.fr\/wp-content\/uploads\/2025\/08\/gr-naine-22.png 551w, https:\/\/poulesoieclubdefrance.fr\/wp-content\/uploads\/2025\/08\/gr-naine-22-300x201.png 300w\" sizes=\"auto, (max-width: 551px) 100vw, 551px\" \/><figcaption class=\"wp-element-caption\">Poule Poule Soie Naine et poule Poule Soie Grande race<\/figcaption><\/figure>\n<\/div><\/div>\n<\/div>\n\n\n\n<div class=\"wp-block-columns box-shadow fond-centre-plume has-border-color has-neve-link-color-border-color is-layout-flex wp-container-core-columns-is-layout-33f2fb94 wp-block-columns-is-layout-flex\" style=\"border-radius:10px;padding-top:1%;padding-right:1%;padding-bottom:1%;padding-left:1%\">\n<div class=\"wp-block-column is-layout-flow wp-block-column-is-layout-flow\">\n<p>Les vari\u00e9t\u00e9s grande race et race naines sont bien s\u00fbr diff\u00e9rentes, mais il ne s\u2019agit pas que d\u2019une question de taille&nbsp;: la vari\u00e9t\u00e9 naine est porteuse du g\u00e8ne du nanisme \u00ab&nbsp;dw&nbsp;\u00bb alors que la grande race ne l\u2019est pas. Le croisement de ces deux races (puisqu&rsquo;ici ce sont bien deux races) est fortement d\u00e9conseill\u00e9.&nbsp; De m\u00eame, il est \u00e0 noter que l\u2019\u00e9levage et le comportement de ces deux variantes de la race est quelque peu diff\u00e9rent. Les naines \u00e9tant g\u00e9n\u00e9ralement plus vives. La notion de volume, de proportionnalit\u00e9 entre le poids et la taille est importante. Les races naines doivent conserver un volume coh\u00e9rent avec leur masse tout en gardant un type rond, trapu et harmonieux.<\/p>\n\n\n\n<figure class=\"wp-block-table\"><table class=\"has-fixed-layout\"><thead><tr><th>caract\u00e9ristiques \/ vari\u00e9t\u00e9<\/th><th>grande race<\/th><th>naine<\/th><\/tr><\/thead><tbody><tr><td>masse<\/td><td>coq &gt; 1.4kg \/ poule &gt;1.1kg<\/td><td>coq : 600g \/ poule : 500g<\/td><\/tr><tr><td>diam\u00e8tre des bagues<\/td><td>coq: 18mm \/ poule : 16mm<\/td><td>poule et coq: 12mm<\/td><\/tr><tr><td>poids des \u0153ufs \u00e0 couver<\/td><td>40g<\/td><td>25g<\/td><\/tr><\/tbody><\/table><\/figure>\n<\/div>\n<\/div>\n\n\n<div class=\"wp-block-image\">\n<figure class=\"aligncenter size-large\"><img loading=\"lazy\" decoding=\"async\" width=\"1024\" height=\"23\" src=\"https:\/\/poulesoieclubdefrance.fr\/wp-content\/uploads\/2025\/08\/ligne-oeuf-dore2-1024x23.png\" alt=\"\" class=\"wp-image-1081\" srcset=\"https:\/\/poulesoieclubdefrance.fr\/wp-content\/uploads\/2025\/08\/ligne-oeuf-dore2-1024x23.png 1024w, https:\/\/poulesoieclubdefrance.fr\/wp-content\/uploads\/2025\/08\/ligne-oeuf-dore2-300x7.png 300w, https:\/\/poulesoieclubdefrance.fr\/wp-content\/uploads\/2025\/08\/ligne-oeuf-dore2-768x17.png 768w, https:\/\/poulesoieclubdefrance.fr\/wp-content\/uploads\/2025\/08\/ligne-oeuf-dore2-1536x34.png 1536w, https:\/\/poulesoieclubdefrance.fr\/wp-content\/uploads\/2025\/08\/ligne-oeuf-dore2-2048x46.png 2048w\" sizes=\"auto, (max-width: 1024px) 100vw, 1024px\" \/><\/figure>\n<\/div>\n\n\n<div style=\"height:30px\" aria-hidden=\"true\" class=\"wp-block-spacer\"><\/div>\n<\/div>\n<\/div>\n\n\n\n<div class=\"wp-block-columns is-layout-flex wp-container-core-columns-is-layout-9d6595d7 wp-block-columns-is-layout-flex\">\n<div class=\"wp-block-column is-layout-flow wp-block-column-is-layout-flow\">\n<h2 class=\"wp-block-heading has-nv-c-2-color has-text-color has-link-color wp-elements-2f29b0c54548c24b8568910e0e9b59f2\">Poule Soie barbue et Poule Soie non barbue<\/h2>\n\n\n\n<div class=\"wp-block-columns is-layout-flex wp-container-core-columns-is-layout-9d6595d7 wp-block-columns-is-layout-flex\">\n<div class=\"wp-block-column is-layout-flow wp-block-column-is-layout-flow\"><div class=\"wp-block-image img-shadow\">\n<figure class=\"aligncenter size-full has-custom-border\"><img loading=\"lazy\" decoding=\"async\" width=\"551\" height=\"551\" src=\"https:\/\/poulesoieclubdefrance.fr\/wp-content\/uploads\/2025\/08\/perdrix-argente-non-barbue2.jpg\" alt=\"\" class=\"wp-image-1067\" style=\"border-radius:10px\" title=\"\" srcset=\"https:\/\/poulesoieclubdefrance.fr\/wp-content\/uploads\/2025\/08\/perdrix-argente-non-barbue2.jpg 551w, https:\/\/poulesoieclubdefrance.fr\/wp-content\/uploads\/2025\/08\/perdrix-argente-non-barbue2-300x300.jpg 300w, https:\/\/poulesoieclubdefrance.fr\/wp-content\/uploads\/2025\/08\/perdrix-argente-non-barbue2-150x150.jpg 150w\" sizes=\"auto, (max-width: 551px) 100vw, 551px\" \/><figcaption class=\"wp-element-caption\">Poule Poule Soie non barbue<\/figcaption><\/figure>\n<\/div><\/div>\n\n\n\n<div class=\"wp-block-column is-layout-flow wp-block-column-is-layout-flow\"><div class=\"wp-block-image img-shadow\">\n<figure class=\"aligncenter size-full has-custom-border\"><img loading=\"lazy\" decoding=\"async\" width=\"551\" height=\"547\" src=\"https:\/\/poulesoieclubdefrance.fr\/wp-content\/uploads\/2025\/08\/perdrix-argente-barbue2.jpg\" alt=\"\" class=\"wp-image-1068\" style=\"border-radius:10px\" srcset=\"https:\/\/poulesoieclubdefrance.fr\/wp-content\/uploads\/2025\/08\/perdrix-argente-barbue2.jpg 551w, https:\/\/poulesoieclubdefrance.fr\/wp-content\/uploads\/2025\/08\/perdrix-argente-barbue2-300x298.jpg 300w, https:\/\/poulesoieclubdefrance.fr\/wp-content\/uploads\/2025\/08\/perdrix-argente-barbue2-150x150.jpg 150w\" sizes=\"auto, (max-width: 551px) 100vw, 551px\" \/><figcaption class=\"wp-element-caption\">Poule Poule Soie barbue<\/figcaption><\/figure>\n<\/div><\/div>\n<\/div>\n\n\n\n<div class=\"wp-block-columns is-layout-flex wp-container-core-columns-is-layout-9d6595d7 wp-block-columns-is-layout-flex\">\n<div class=\"wp-block-column box-shadow has-nv-c-1-background-color has-background is-layout-flow wp-block-column-is-layout-flow\" style=\"border-radius:10px;padding-top:1%;padding-right:1%;padding-bottom:1%;padding-left:1%\">\n<p>Comme pour la grande race et la naine, on constatera que les vari\u00e9t\u00e9s barbue et non barbue sont elles aussi g\u00e9n\u00e9tiquement diff\u00e9rentes. Les Poule Soie barbues sont porteuses du g\u00e8ne \u00ab&nbsp;Mb&nbsp;\u00bb alors que les non barbues ne le sont pas.<\/p>\n\n\n\n<p>C\u2019est ce g\u00e8ne \u00ab&nbsp;Mb&nbsp;\u00bb qui favorise le d\u00e9veloppement de la barbe sous le bec et des favoris sur les joues. Ce m\u00eame g\u00e8ne \u00ab&nbsp;Mb&nbsp;\u00bb est \u00e9galement responsable de la diminution des barbillons. C\u2019est un g\u00e8ne qui sera \u00ab&nbsp;affect\u00e9&nbsp;\u00bb en cas de croisement entre les deux vari\u00e9t\u00e9s et qui donnera des sujets barbus avec des barbes ou des favoris incomplets, des sujets non barbus avec une face trop emplum\u00e9e, ou encore des barbillons de taille interm\u00e9diaire.<\/p>\n\n\n\n<p>Le croisement de ces deux vari\u00e9t\u00e9s est donc lui aussi fortement d\u00e9conseill\u00e9 et ces vari\u00e9t\u00e9s sont \u00e0 consid\u00e9rer comme s\u2019il s\u2019agissait de deux races distinctes.<\/p>\n<\/div>\n<\/div>\n\n\n<div class=\"wp-block-image\">\n<figure class=\"aligncenter size-large\"><img loading=\"lazy\" decoding=\"async\" width=\"1024\" height=\"23\" src=\"https:\/\/poulesoieclubdefrance.fr\/wp-content\/uploads\/2025\/08\/ligne-oeuf-dore2-1024x23.png\" alt=\"\" class=\"wp-image-1081\" srcset=\"https:\/\/poulesoieclubdefrance.fr\/wp-content\/uploads\/2025\/08\/ligne-oeuf-dore2-1024x23.png 1024w, https:\/\/poulesoieclubdefrance.fr\/wp-content\/uploads\/2025\/08\/ligne-oeuf-dore2-300x7.png 300w, https:\/\/poulesoieclubdefrance.fr\/wp-content\/uploads\/2025\/08\/ligne-oeuf-dore2-768x17.png 768w, https:\/\/poulesoieclubdefrance.fr\/wp-content\/uploads\/2025\/08\/ligne-oeuf-dore2-1536x34.png 1536w, https:\/\/poulesoieclubdefrance.fr\/wp-content\/uploads\/2025\/08\/ligne-oeuf-dore2-2048x46.png 2048w\" sizes=\"auto, (max-width: 1024px) 100vw, 1024px\" \/><\/figure>\n<\/div>\n\n\n<div style=\"height:30px\" aria-hidden=\"true\" class=\"wp-block-spacer\"><\/div>\n<\/div>\n<\/div>\n\n\n\n<div class=\"wp-block-columns is-layout-flex wp-container-core-columns-is-layout-9d6595d7 wp-block-columns-is-layout-flex\">\n<div class=\"wp-block-column is-layout-flow wp-block-column-is-layout-flow\">\n<h2 class=\"wp-block-heading has-nv-c-2-color has-text-color has-link-color wp-elements-e2717a978a78d64dc74b9a792606015e\">La Poule Soie cou-nu<\/h2>\n\n\n\n<div class=\"wp-block-columns is-layout-flex wp-container-core-columns-is-layout-9d6595d7 wp-block-columns-is-layout-flex\">\n<div class=\"wp-block-column is-layout-flow wp-block-column-is-layout-flow\"><div class=\"wp-block-image img-shadow\">\n<figure class=\"aligncenter size-full has-custom-border\"><img loading=\"lazy\" decoding=\"async\" width=\"551\" height=\"522\" src=\"https:\/\/poulesoieclubdefrance.fr\/wp-content\/uploads\/2025\/08\/showgirl2.png\" alt=\"\" class=\"wp-image-1069\" style=\"border-radius:10px\" srcset=\"https:\/\/poulesoieclubdefrance.fr\/wp-content\/uploads\/2025\/08\/showgirl2.png 551w, https:\/\/poulesoieclubdefrance.fr\/wp-content\/uploads\/2025\/08\/showgirl2-300x284.png 300w\" sizes=\"auto, (max-width: 551px) 100vw, 551px\" \/><figcaption class=\"wp-element-caption\">Poule Poule Soie showgirl vue de face<\/figcaption><\/figure>\n<\/div><\/div>\n\n\n\n<div class=\"wp-block-column is-layout-flow wp-block-column-is-layout-flow\"><div class=\"wp-block-image img-shadow\">\n<figure class=\"aligncenter size-full has-custom-border\"><img loading=\"lazy\" decoding=\"async\" width=\"551\" height=\"522\" src=\"https:\/\/poulesoieclubdefrance.fr\/wp-content\/uploads\/2025\/08\/dos-diva-retouch4.jpg\" alt=\"\" class=\"wp-image-1070\" style=\"border-radius:10px\" title=\"\" srcset=\"https:\/\/poulesoieclubdefrance.fr\/wp-content\/uploads\/2025\/08\/dos-diva-retouch4.jpg 551w, https:\/\/poulesoieclubdefrance.fr\/wp-content\/uploads\/2025\/08\/dos-diva-retouch4-300x284.jpg 300w\" sizes=\"auto, (max-width: 551px) 100vw, 551px\" \/><figcaption class=\"wp-element-caption\">Poule Poule Soie showgirl vue de dos<\/figcaption><\/figure>\n<\/div><\/div>\n<\/div>\n\n\n\n<div class=\"wp-block-columns fond-centre-plume is-layout-flex wp-container-core-columns-is-layout-9d6595d7 wp-block-columns-is-layout-flex\">\n<div class=\"wp-block-column is-layout-flow wp-block-column-is-layout-flow\">\n<p>Effet de mode ou d\u00e9couragement des \u00e9leveurs qui la s\u00e9lectionnait\u2026&nbsp;? <br>Toujours est-il qu\u2019on la rencontre beaucoup moins de nos jours.<\/p>\n\n\n\n<p>Le g\u00e8ne responsable de ce manque de plumes sur le cou est le g\u00e8ne dominant partiel \u00ab&nbsp;Na&nbsp;\u00bb non li\u00e9 au sexe. Quand ce g\u00e8ne est pr\u00e9sent sous sa forme h\u00e9t\u00e9rozygote, on obtient des sujets cou-nu avec touffe de plumes sur le milieu du cou. Sous sa forme homozygote, on obtient des sujets dont le cou est totalement nu.&nbsp;<\/p>\n\n\n\n<p>La Poule Soie cou-nu g\u00e9n\u00e9ralement plus appr\u00e9ci\u00e9e est&nbsp; la variante h\u00e9t\u00e9rozygote.<\/p>\n\n\n\n<p>Apparue au d\u00e9but des ann\u00e9es 2000, la Poule Soie cou-nu a progress\u00e9 dans toutes les couleurs et dans toutes les vari\u00e9t\u00e9s. Une demande de reconnaissance officielle avait \u00e9t\u00e9 engag\u00e9e, mais elle a \u00e9t\u00e9 rejet\u00e9e par les commissions des standards. Elle n\u2019est donc pas homologu\u00e9e.&nbsp;<\/p>\n<\/div>\n<\/div>\n\n\n<div class=\"wp-block-image\">\n<figure class=\"aligncenter size-large\"><img loading=\"lazy\" decoding=\"async\" width=\"1024\" height=\"23\" src=\"https:\/\/poulesoieclubdefrance.fr\/wp-content\/uploads\/2025\/08\/ligne-oeuf-dore2-1024x23.png\" alt=\"\" class=\"wp-image-1081\" srcset=\"https:\/\/poulesoieclubdefrance.fr\/wp-content\/uploads\/2025\/08\/ligne-oeuf-dore2-1024x23.png 1024w, https:\/\/poulesoieclubdefrance.fr\/wp-content\/uploads\/2025\/08\/ligne-oeuf-dore2-300x7.png 300w, https:\/\/poulesoieclubdefrance.fr\/wp-content\/uploads\/2025\/08\/ligne-oeuf-dore2-768x17.png 768w, https:\/\/poulesoieclubdefrance.fr\/wp-content\/uploads\/2025\/08\/ligne-oeuf-dore2-1536x34.png 1536w, https:\/\/poulesoieclubdefrance.fr\/wp-content\/uploads\/2025\/08\/ligne-oeuf-dore2-2048x46.png 2048w\" sizes=\"auto, (max-width: 1024px) 100vw, 1024px\" \/><\/figure>\n<\/div>\n\n\n<div style=\"height:30px\" aria-hidden=\"true\" class=\"wp-block-spacer\"><\/div>\n<\/div>\n<\/div>\n\n\n\n<div class=\"wp-block-columns is-layout-flex wp-container-core-columns-is-layout-9d6595d7 wp-block-columns-is-layout-flex\">\n<div class=\"wp-block-column is-layout-flow wp-block-column-is-layout-flow\">\n<h2 class=\"wp-block-heading has-nv-c-2-color has-text-color has-link-color wp-elements-1d4db8a7d7d42867869e20f3e9c5e869\">La Poule Soie Siam<\/h2>\n\n\n<div class=\"wp-block-image img-shadow\">\n<figure class=\"aligncenter size-full has-custom-border\"><img loading=\"lazy\" decoding=\"async\" width=\"380\" height=\"383\" src=\"https:\/\/poulesoieclubdefrance.fr\/wp-content\/uploads\/2025\/08\/poule-siam2.png\" alt=\"\" class=\"wp-image-1071\" style=\"border-radius:10px\" srcset=\"https:\/\/poulesoieclubdefrance.fr\/wp-content\/uploads\/2025\/08\/poule-siam2.png 380w, https:\/\/poulesoieclubdefrance.fr\/wp-content\/uploads\/2025\/08\/poule-siam2-298x300.png 298w, https:\/\/poulesoieclubdefrance.fr\/wp-content\/uploads\/2025\/08\/poule-siam2-150x150.png 150w\" sizes=\"auto, (max-width: 380px) 100vw, 380px\" \/><\/figure>\n<\/div>\n\n\n<div style=\"height:30px\" aria-hidden=\"true\" class=\"wp-block-spacer\"><\/div>\n\n\n\n<div class=\"wp-block-columns is-layout-flex wp-container-core-columns-is-layout-9d6595d7 wp-block-columns-is-layout-flex\">\n<div class=\"wp-block-column box-shadow has-border-color is-layout-flow wp-block-column-is-layout-flow\" style=\"border-color:var(--nv-primary-accent);border-radius:10px;padding-top:1%;padding-right:1%;padding-bottom:1%;padding-left:1%\">\n<p>Consid\u00e9r\u00e9e comme une race \u00e0 part enti\u00e8re car ses diff\u00e9rences sont plus nombreuses qu\u2019une simple vari\u00e9t\u00e9, elle n\u2019en demeure pas moins une variante de la Poule Soie. La Poule Siamoise, ou Siam, n\u2019est homologu\u00e9e qu\u2019en vari\u00e9t\u00e9 naine blanche.<\/p>\n\n\n\n<p>Elle poss\u00e8de toutes les caract\u00e9ristiques de la Poule Soie naine classique mais avec une face, la cr\u00eate et les barbillons de couleur rouge vif, cons\u00e9quence de sa peau blanche.&nbsp;<\/p>\n\n\n\n<p>Ses yeux sont rouge orang\u00e9 et le bec ainsi que les tarses sont jaune vif.&nbsp;<\/p>\n\n\n\n<p>Ses d\u00e9fauts sont les traces de pigmentation bleu\u00e2tre dans les tissus ou les oreillons trop tach\u00e9s de blanc. Pour le reste, on retrouvera les m\u00eames d\u00e9fauts que la Poule Soie classique.&nbsp;<\/p>\n\n\n\n<p>Les oreillons, comme les ornements, sont rouge vif et sans traces blanches.<\/p>\n<\/div>\n<\/div>\n<\/div>\n<\/div>\n<\/div>\n<\/div>\n","protected":false},"excerpt":{"rendered":"<p>Les vari\u00e9t\u00e9s de Poule Soie Poule Soie Grande race (GR) et Poule Soie naine Les vari\u00e9t\u00e9s grande race et race naines sont bien s\u00fbr diff\u00e9rentes, mais il ne s\u2019agit pas&hellip;&nbsp;<a href=\"https:\/\/poulesoieclubdefrance.fr\/index.php\/les-varietes\/\" rel=\"bookmark\"><span class=\"screen-reader-text\">Les vari\u00e9t\u00e9s<\/span><\/a><\/p>\n","protected":false},"author":3,"featured_media":0,"parent":0,"menu_order":0,"comment_status":"closed","ping_status":"closed","template":"","meta":{"neve_meta_sidebar":"","neve_meta_container":"","neve_meta_enable_content_width":"","neve_meta_content_width":0,"neve_meta_title_alignment":"","neve_meta_author_avatar":"","neve_post_elements_order":"","neve_meta_disable_header":"","neve_meta_disable_footer":"","neve_meta_disable_title":"on","footnotes":""},"class_list":["post-517","page","type-page","status-publish","hentry"],"_links":{"self":[{"href":"https:\/\/poulesoieclubdefrance.fr\/index.php\/wp-json\/wp\/v2\/pages\/517","targetHints":{"allow":["GET"]}}],"collection":[{"href":"https:\/\/poulesoieclubdefrance.fr\/index.php\/wp-json\/wp\/v2\/pages"}],"about":[{"href":"https:\/\/poulesoieclubdefrance.fr\/index.php\/wp-json\/wp\/v2\/types\/page"}],"author":[{"embeddable":true,"href":"https:\/\/poulesoieclubdefrance.fr\/index.php\/wp-json\/wp\/v2\/users\/3"}],"replies":[{"embeddable":true,"href":"https:\/\/poulesoieclubdefrance.fr\/index.php\/wp-json\/wp\/v2\/comments?post=517"}],"version-history":[{"count":36,"href":"https:\/\/poulesoieclubdefrance.fr\/index.php\/wp-json\/wp\/v2\/pages\/517\/revisions"}],"predecessor-version":[{"id":1597,"href":"https:\/\/poulesoieclubdefrance.fr\/index.php\/wp-json\/wp\/v2\/pages\/517\/revisions\/1597"}],"wp:attachment":[{"href":"https:\/\/poulesoieclubdefrance.fr\/index.php\/wp-json\/wp\/v2\/media?parent=517"}],"curies":[{"name":"wp","href":"https:\/\/api.w.org\/{rel}","templated":true}]}}